 + 9*z - 7. What is d(-8)?
-15
Let u(n) = -n - 6. Give u(11).
-17
Let j(a) = -a**3 + 6*a**2 + 6*a + 2. Determine j(6).
38
Let f(a) = a**3 + 2*a**2 + a + 6. Calculate f(-2).
4
Let x(y) = -2*y - 23. What is x(-13)?
3
Let i(d) = -d**3 - 12*d**2 - 9*d + 12. Give i(-11).
-10
Let f(p) = 9*p**3 + 3*p**2 - 2*p - 4. Calculate f(-3).
-214
Let h(v) = -v - 22. What is h(-9)?
-13
Let b(p) = -6*p + 26. Determine b(5).
-4
Let n(q) = q - 7. Determine n(1).
-6
Let j(y) = 2*y + 26. Determine j(-21).
-16
Let r(i) = -i**2 + 15*i - 10. Calculate r(13).
16
Let f(i) = -23*i. Determine f(-2).
46
Let m(f) = -f**3 + 22*f**2 + 2*f - 89. Determine m(22).
-45
Let w(p) = -p**3 + 21*p**2 + 10*p + 260. Calculate w(22).
-4
Let z(u) = 7*u + 15. Determine z(-5).
-20
Let u(v) = v**2 + 15*v - 22. Calculate u(-12).
-58
Let o(c) = c**3 - 16*c**2 + 23*c + 69. Give o(14).
-1
Let p(a) = -14*a**3 + 3*a**2 - 2*a - 4. Calculate p(-1).
15
Let m(n) = 23*n**3 + n**2 + 2*n - 3. Give m(1).
23
Let k(l) = l**2 - 3*l - 3. Determine k(3).
-3
Let v(o) = 3*o**3 + 3*o**2 + 3*o + 3. Calculate v(-2).
-15
Let y(c) = -3*c + 84. Give y(29).
-3
Let q(f) = -f**3 - 7*f**2 - 2*f + 12. Calculate q(-4).
-28
Let z(c) = 2*c**2 + 14*c + 8. Calculate z(-7).
8
Let c(z) = z**3 + 17*z**2 - 16*z + 26. What is c(-18)?
-10
Let q(j) = -8*j**2 + 2*j. What is q(3)?
-66
Let f(h) = -2*h**2 + 10*h - 2. Give f(4).
6
Let i(u) = -43*u**2 + u - 1. What is i(1)?
-43
Let g(d) = 25*d**2 - 150*d - 6. Determine g(6).
-6
Let t(p) = 5*p + 5. Calculate t(-1).
0
Let m(x) = -x**2 - 3*x + 17. What is m(-6)?
-1
Let d(j) = 16*j**3 - 2*j**2 + j + 2. Calculate d(-2).
-136
Let p(j) = -39*j + 466. Calculate p(12).
-2
Let y(w) = w**2 + 7*w - 6. Determine y(-12).
54
Let k(i) = -7*i - 45. What is k(-14)?
53
Let n(d) = -2*d**3 - 5*d**2 - 4*d - 7. Calculate n(-3).
14
Let l(h) = h**2 - 49*h - 6. Determine l(0).
-6
Let n(b) = -b**2 + 4*b + 7. Calculate n(5).
2
Let z(j) = -j**3 - 8*j**2 - 2*j - 14. Give z(-8).
2
Let l(i) = i - 1. Give l(-2).
-3
Let s(o) = -o**3 - 2*o**2 + 9*o + 13. Give s(-6).
103
Let l(q) = -q + 15. Calculate l(11).
4
Let s(f) = f**3 + 11*f**2 - 7. Determine s(-11).
-7
Let y(d) = -d**3 - 5*d**2 - 6. Calculate y(-5).
-6
Let x(m) = -2*m - 15. Give x(0).
-15
Let j(s) = 7*s**2 - 11*s + 11. Determine j(1).
7
Let x(j) = 4*j**3 + j**2 - 2*j + 1. What is x(1)?
4
Let g(m) = m**3 - 21*m**2 + 16*m + 78. Give g(20).
-2
Let z(u) = 6*u**2 + 4*u - 1. What is z(-2)?
15
Let i(x) = -55*x - 389. Calculate i(-7).
-4
Let m(c) = -c**3 - 13*c**2 - 13*c - 7. Determine m(-12).
5
Let m(q) = 65*q - 7. Determine m(1).
58
Let n(a) = -6*a**3 + 6*a**2 + 13*a + 7. Give n(-1).
6
Let b(n) = -n**3 + 10*n**2 - 19*n - 15. Give b(7).
-1
Let m(p) = -p**2 + 12*p + 12. Give m(13).
-1
Let z(r) = -r**3 - 8*r**2 - 5*r - 12. Determine z(-8).
28
Let l(f) = -f**2 - 9*f - 11. Determine l(-6).
7
Let c(l) = -17*l**2 + 2*l. Calculate c(2).
-64
Let y(p) = p**3 - 7*p**2 - 8*p - 14. Calculate y(8).
-14
Let s(j) = j**2 + 12*j - 3. Determine s(-11).
-14
Let g(p) = -p**2 - 26*p - 121. Calculate g(-7).
12
Let j(m) = -m**3 + 3*m**2. What is j(3)?
0
Let n(a) = -a**3 + 55*a**2 - 105*a - 53. Determine n(53).
0
Let s(t) = -t**3 + 59*t**2 - 168*t - 5. Determine s(56).
-5
Let w(y) = y**2 + 3*y - 7. Calculate w(3).
11
Let c(a) = -16*a - 14. What is c(4)?
-78
Let i(a) = a**3 - 8*a**2 - 13*a + 51. Determine i(9).
15
Let m(w) = -3*w + 6. Calculate m(-8).
30
Let f(o) = 4*o + 88. What is f(-12)?
40
Let p(w) = 9*w - 123. Give p(11).
-24
Let m(j) = j**3 + 2*j**2 + j + 2. Give m(0).
2
Let c(l) = -16*l - 52. What is c(-3)?
-4
Let u(g) = -g**3 - 10*g**2 + 4*g + 23. Give u(-10).
-17
Let x(u) = -10*u**2 + 5*u + 16. Calculate x(-2).
-34
Let l(c) = -2*c**3 + 12*c**2 + 5*c - 11. Calculate l(7).
-74
Let q(o) = 37*o - 75. Calculate q(2).
-1
Let b(x) = x + 1. Calculate b(16).
17
Let u(g) = -g**3 - 11*g**2 - 19*g - 3. Give u(-9).
6
Let d(w) = -w**3 + 16*w**2 - w - 8. Calculate d(16).
-24
Let f(i) = 2*i**3 - 11*i**2 + 4*i - 19. What is f(6)?
41
Let x(c) = -c**2 + 21*c + 17. Give x(22).
-5
Let m(d) = 2*d**2 - 2. Calculate m(-2).
6
Let y(l) = 209*l + 1047. Calculate y(-5).
2
Let p(a) = -3*a**2 - 2. Determine p(2).
-14
Let v(z) = -3*z - 90. What is v(-15)?
-45
Let l(c) = -c**2 + 12*c - 15. What is l(4)?
17
Let a(u) = 132*u + 402. Calculate a(-3).
6
Let x(l) = -l**3 - 8*l**2 - 3*l + 11. Give x(-8).
35
Let d(w) = -5*w + 20. Calculate d(8).
-20
Let v(u) = -u - 14. Calculate v(-12).
-2
Let l(s) = 6*s**3 - 2*s**2 - s + 2. Calculate l(1).
5
Let v(b) = 2*b**2 - 10*b - 12. Calculate v(6).
0
Let j(k) = 2*k - 4. What is j(4)?
4
Let a(h) = -21*h**2 - 3*h + 4. Determine a(1).
-20
Let q(o) = -o**2 - 2*o - 3. What is q(-4)?
-11
Let n(d) = 15*d**3 + 2*d**2 + 5*d + 2. What is n(-2)?
-120
Let h(o) = o**2 - 4. Determine h(-2).
0
Let f(n) = n**2 + 26*n + 61. Give f(-24).
13
Let h(y) = 2*y**2 + 8*y + 10. Determine h(5).
100
Let x(b) = -b**3 - 3*b**2 + 5*b + 24. Determine x(-3).
9
Let n(i) = -i**2 - 2*i + 62. Give n(7).
-1
Let k(d) = 31*d - 13. Determine k(2).
49
Let x(y) = -y + 28. Calculate x(34).
-6
Let a(u) = 3*u + 149. Calculate a(-49).
2
Let m(n) = -n**2 - 14*n - 22. What is m(-12)?
2
Let l(r) = -4*r**3 - 2*r**2 + r. What is l(-2)?
22
Let d(g) = g**3 + 6*g**2 - 4*g + 23. What is d(-7)?
2
Let g(i) = -i**3 + 13*i**2 + 20*i + 160. Determine g(15).
10
Let a(l) = l**3 + 5*l**2 + 3*l. What is a(-5)?
-15
Let l(o) = -o**3 + 7*o**2 - 2*o + 12. Determine l(7).
-2
Let w(m) = -m + 3. What is w(5)?
-2
Let a(w) = 2*w**2 - 17*w - 8. Give a(8).
-16
Let a(n) = -n + 2. Calculate a(10).
-8
Let m(l) = -l**2 + 7*l + 15. Determine m(6).
21
Let o(n) = -n**2 + 9*n + 12. Determine o(11).
-10
Let n(o) = o**3 - 10*o**2 - 11*o + 3. Calculate n(11).
3
Let t(f) = -3*f**3 - 10*f**2 + 4. Give t(-3).
-5
Let f(t) = 5*t + 17. Calculate f(10).
67
Let g(l) = l**2 + 15*l + 12. What is g(-15)?
12
Let i(l) = 4*l**3 + 4*l**2 + l - 2. What is i(1)?
7
Let y(w) = 2*w**3 - 3*w**2. Determine y(2).
4
Let d(l) = 4*l. Calculate d(8).
32
Let v(h) = -h**2 - 10*h + 16. Give v(-12).
-8
Let a(m) = -m**3 + 11*m**2 + 13*m - 25. Determine a(12).
-13
Let h(v) = 23*v + 133. Calculate h(-5).
18
Let n(i) = i**2 + 24*i - 87. Give n(-27).
-6
Let z(t) = -2*t**2 - 16*t + 2. Calculate z(-8).
2
Let w(r) = -6*r + 5. Calculate w(2).
-7
Let b(a) = 9*a**3 - a**2 + a + 2. Determine b(-1).
-9
Let u(s) = -s**3 - 7*s**2 + 11*s - 5. Determine u(-8).
-29
Let x(j) = -j**2 + j - 4. Calculate x(-7).
-60
Let g(o) = -o**3 + 27*o**2 - 48*o - 45. Calculate g(25).
5
Let c(s) = -7*s**2 + 46*s - 13. Determine c(7).
-34
Let z(w) = -w**3 - 11*w**2 - w - 12. Calculate z(-11).
-1
Let z(v) = v**3 - 28*v**2 + v - 34. Give z(28).
-6
Let x(c) = -24*c**3 - 2*c**2 - 2*c - 1. What is x(-1)?
23
Let d(f) = -3*f**2 + 42*f + 5. Calculate d(14).
5
Let k(s) = -s - 9. Determine k(-16).
7
Let l(x) = 2*x**2 + 6*x - 7. Calculate l(-5).
13
Let i(o) = o**3 - 8*o**2 + 5*o - 1. Calculate i(5).
-51
Let g(n) = -6*n**2 + 48*n - 3. Determine g(8).
-3
Let v(n) = 17*n + 73. Determine v(-4).
5
Let l(q) = q**3 - 7*q**2 + 2*q + 3. Calculate l(6).
-21
Let s(j) = 15*j - 2. Calculate s(1).
13
Let j(o) = -o**2 + 6. What is j(-3)?
-3
Let f(x) = -2*x**3 + 15*x**2 - 26*x - 9. Give f(4).
-1
Let q(g) = 3*g - 13. What is q(-7)?
-34
Let j(t) = -6*t - 67. What is j(-21)?
59
Let j(r) = r + 11. Calculate j(-7).
4
Let z(m) = m**3 + 31*m**2 - 67*m - 42. Calculate z(-33).
-9
Let r(j) = 3*j**2 - 31*j + 4. Determine r(11).
26
Let q(x) = 3*x**3 - 77*x**2 - 24*x - 49. Give q(26).
3
Let x(o) = o**3 + 22*o**2 + 21*o - 29. Calculate x(-21).
-29
Let k(q) = q**3 + 21*q**2 - 24*q - 48. What is k(-22)?
-4
Let c(d) = d**2 + 2*d + 6. Give c(-5).
21
Let h(j) = -3*j**2 + 36*j - 15. Calculate h(12).
-15
Let s(r) = -3*r + 57. Give s(18).
3
Let w(z) = z**3 + 5*z**2 + 3*z. Calculate w(-3).
9
Let s(u) = -3*u**2 - 25*u - 20. Determine s(-8).
-12
Let q(p) = -3*p**3 + 15*p**2 - 13*p + 1. What is q(4)?
-3
Let w(j) = 5*j**2 + 8*j - 6. Determine w(1).
7
Let c(j) = 10*j - 5. Give c(6).
55
Let a(n) = -n**3 - 9*n**2 + 7*n - 10. Give a(-10).
20
Let f(x) = -7*x**2 + x + 15. Calculate f(-3).
-51
Let o(l) = l**2 + 5*l - 25. What is o(-9)?
11
Let s(b) = -4*b**3 + 7*b**2 - 10*b + 3. Determine s(1).
-4
Let i(w) = -w**3 + 3*w - 2. Determine i(2).
-4
Let l(d) = -d**3 - 3*d**2 + 9*d + 14. Calculate l(-4).
-